{"id":5185,"date":"2023-07-01T11:48:45","date_gmt":"2023-07-01T17:48:45","guid":{"rendered":"https:\/\/groupolmedo.com\/wordpress\/?post_type=product&#038;p=5185"},"modified":"2023-07-18T22:55:32","modified_gmt":"2023-07-19T04:55:32","slug":"gulf-max-gdi-20w50-1l","status":"publish","type":"product","link":"https:\/\/groupolmedo.com\/wordpress\/shop\/lubricantes\/gulf-max-gdi-20w50-1l\/","title":{"rendered":"Gulf Max GDI 20W50 1L"},"content":{"rendered":"<p>Lubricante mineral para veh\u00edculos livianos de alta tecnolog\u00eda especialmente desarrollado para motores modernos a gasolina, de inyecci\u00f3n directa, turboalimentados en autom\u00f3viles de pasajero, veh\u00edculos utilitarios deportivos, furgonetas y veh\u00edculos ligero<\/p>\n","protected":false},"excerpt":{"rendered":"<p>Lubricante mineral para veh\u00edculos livianos de alta tecnolog\u00eda especialmente desarrollado para motores modernos a gasolina, de inyecci\u00f3n directa, turboalimentados en autom\u00f3viles de pasajero, veh\u00edculos utilitarios deportivos, furgonetas y veh\u00edculos ligero<\/p>\n","protected":false},"featured_media":6385,"template":"","meta":[],"product_cat":[449],"product_tag":[],"_links":{"self":[{"href":"https:\/\/groupolmedo.com\/wordpress\/wp-json\/wp\/v2\/product\/5185"}],"collection":[{"href":"https:\/\/groupolmedo.com\/wordpress\/wp-json\/wp\/v2\/product"}],"about":[{"href":"https:\/\/groupolmedo.com\/wordpress\/wp-json\/wp\/v2\/types\/product"}],"version-history":[{"count":1,"href":"https:\/\/groupolmedo.com\/wordpress\/wp-json\/wp\/v2\/product\/5185\/revisions"}],"predecessor-version":[{"id":5215,"href":"https:\/\/groupolmedo.com\/wordpress\/wp-json\/wp\/v2\/product\/5185\/revisions\/5215"}],"wp:featuredmedia":[{"embeddable":true,"href":"https:\/\/groupolmedo.com\/wordpress\/wp-json\/wp\/v2\/media\/6385"}],"wp:attachment":[{"href":"https:\/\/groupolmedo.com\/wordpress\/wp-json\/wp\/v2\/media?parent=5185"}],"wp:term":[{"taxonomy":"product_cat","embeddable":true,"href":"https:\/\/groupolmedo.com\/wordpress\/wp-json\/wp\/v2\/product_cat?post=5185"},{"taxonomy":"product_tag","embeddable":true,"href":"https:\/\/groupolmedo.com\/wordpress\/wp-json\/wp\/v2\/product_tag?post=5185"}],"curies":[{"name":"wp","href":"https:\/\/api.w.org\/{rel}","templated":true}]}}